 16 and 32.
16
Calculate the greatest common divisor of 135 and 1161.
27
Calculate the highest common divisor of 253 and 55.
11
Calculate the highest common factor of 39 and 75.
3
What is the greatest common factor of 3175 and 254?
127
Calculate the greatest common divisor of 99 and 4176.
9
Calculate the greatest common divisor of 4085 and 190.
95
Calculate the greatest common factor of 105 and 195.
15
What is the greatest common factor of 92 and 67068?
92
Calculate the greatest common divisor of 60 and 80.
20
Calculate the greatest common factor of 15486 and 174.
174
Calculate the highest common factor of 198 and 44.
22
What is the greatest common factor of 10 and 145?
5
Calculate the highest common divisor of 45 and 40.
5
What is the greatest common divisor of 20 and 860?
20
Calculate the greatest common divisor of 675 and 27.
27
What is the highest common divisor of 99 and 27?
9
Calculate the greatest common factor of 197 and 1.
1
Calculate the highest common factor of 28645 and 85.
85
What is the greatest common factor of 38 and 4750?
38
What is the highest common divisor of 405 and 30?
15
Calculate the highest common factor of 51 and 238.
17
Calculate the highest common divisor of 45 and 3020.
5
What is the highest common divisor of 2378 and 406?
58
Calculate the greatest common factor of 5 and 355.
5
What is the greatest common factor of 247 and 13?
13
What is the greatest common factor of 582 and 66?
6
Calculate the highest common divisor of 1218 and 714.
42
Calculate the highest common divisor of 76 and 266.
38
Calculate the greatest common divisor of 583 and 212.
53
What is the greatest common divisor of 446 and 2?
2
What is the greatest common divisor of 517 and 94?
47
What is the greatest common divisor of 21 and 308?
7
Calculate the greatest common factor of 15 and 36.
3
Calculate the greatest common divisor of 48 and 1680.
48
Calculate the greatest common factor of 2736 and 408.
24
Calculate the greatest common factor of 387 and 45.
9
Calculate the highest common divisor of 49 and 42.
7
Calculate the highest common divisor of 648 and 81.
81
Calculate the greatest common factor of 15703 and 41.
41
What is the highest common factor of 581 and 70?
7
Calculate the greatest common divisor of 376 and 1269.
47
What is the greatest common divisor of 117 and 4329?
117
What is the greatest common factor of 139 and 58102?
139
Calculate the highest common divisor of 10 and 925.
5
Calculate the greatest common factor of 394 and 18.
2
What is the greatest common divisor of 547 and 8?
1
Calculate the greatest common divisor of 75 and 575.
25
Calculate the highest common factor of 584 and 73.
73
What is the highest common divisor of 4103 and 11?
11
Calculate the highest common factor of 3 and 2.
1
What is the highest common factor of 54 and 148?
2
Calculate the greatest common divisor of 144 and 1264.
16
Calculate the highest common divisor of 160 and 6480.
80
What is the greatest common divisor of 54 and 47448?
18
Calculate the highest common divisor of 208 and 247.
13
Calculate the greatest common factor of 30 and 1455.
15
Calculate the highest common factor of 633 and 10339.
211
What is the greatest common divisor of 18 and 4?
2
Calculate the highest common factor of 97 and 19.
1
Calculate the highest common divisor of 1632 and 51.
51
Calculate the greatest common factor of 43225 and 91.
91
Calculate the greatest common factor of 140 and 28.
28
What is the greatest common divisor of 2051 and 7?
7
What is the greatest common divisor of 325 and 35?
5
What is the greatest common factor of 84 and 26?
2
Calculate the highest common divisor of 4163 and 23.
23
Calculate the greatest common divisor of 36 and 3582.
18
What is the greatest common divisor of 43 and 107?
1
What is the greatest common divisor of 52 and 52?
52
Calculate the greatest common divisor of 171 and 209.
19
Calculate the greatest common divisor of 2321 and 3376.
211
What is the highest common divisor of 84 and 294?
42
What is the highest common factor of 1404 and 4056?
156
Calculate the highest common divisor of 299 and 69.
23
Calculate the greatest common divisor of 87 and 493.
29
Calculate the highest common factor of 583 and 53.
53
What is the highest common divisor of 174 and 48?
6
What is the greatest common factor of 400 and 12900?
100
What is the highest common factor of 85 and 2465?
85
What is the greatest common factor of 4000 and 260?
20
What is the highest common divisor of 30 and 60?
30
Calculate the highest common factor of 48 and 96.
48
What is the greatest common factor of 44 and 143?
11
Calculate the greatest common divisor of 46 and 7.
1
What is the highest common divisor of 13 and 403?
13
Calculate the greatest common factor of 5894 and 252.
14
What is the greatest common divisor of 9 and 2169?
9
Calculate the greatest common factor of 154 and 22.
22
What is the greatest common factor of 413 and 63?
7
Calculate the greatest common factor of 10053 and 9.
9
What is the highest common divisor of 3990 and 912?
114
What is the highest common factor of 752 and 256?
16
What is the greatest common divisor of 54 and 900?
18
Calculate the greatest common factor of 63 and 243.
9
What is the greatest common factor of 224 and 42?
14
Calculate the highest common divisor of 418 and 66.
22
Calculate the greatest common factor of 60 and 48.
12
What is the highest common factor of 539 and 231?
77
What is the highest common divisor of 15043 and 49?
49
What is the highest common factor of 62655 and 15?
15
What is the highest common factor of 9429 and 21?
21
Calculate the highest common divisor of 158 and 12798.
158
Calculate the greatest common factor of 98 and 938.
14
Calculate the greatest common factor of 19 and 9063.
19
Calculate the greatest common divisor of 112 and 70.
14
What is the highest common divisor of 2 and 870?
2
Calculate the highest common factor of 917 and 262.
131
What is the greatest common divisor of 2376 and 88?
88
What is the greatest common divisor of 9271 and 219?
73
Calculate the highest common factor of 1560 and 648.
24
What is the highest common factor of 31 and 1519?
31
What is the highest common divisor of 388 and 20?
4
Calculate the greatest common divisor of 6956 and 1628.
148
Calculate the highest common divisor of 280 and 13580.
140
What is the greatest common divisor of 2 and 1214?
2
Calculate the greatest common divisor of 275 and 55.
55
Calculate the highest common divisor of 30 and 18.
6
Calculate the greatest common factor of 3277 and 232.
29
Calculate the highest common factor of 30084 and 23.
23
What is the highest common divisor of 5162 and 290?
58
What is the highest common factor of 154 and 14?
14
What is the greatest common factor of 1614 and 18?
6
What is the highest common divisor of 12 and 1896?
12
What is the highest common factor of 36 and 36?
36
What is the greatest common factor of 11 and 143?
11
Calculate the highest common factor of 1064 and 224.
56
What is the greatest common factor of 925 and 675?
25
Calculate the greatest common factor of 3718 and 154.
22
Calculate the greatest common divisor of 6290 and 814.
74
Calculate the greatest common divisor of 37 and 16354.
37
What is the highest common divisor of 444 and 18500?
148
What is the highest common factor of 2 and 2098?
2
Calculate the greatest common divisor of 72 and 16248.
24
What is the greatest common divisor of 12 and 93?
3
Calculate the greatest common factor of 18 and 2952.
18
What is the highest common divisor of 16 and 32?
16
What is the greatest common divisor of 3798 and 36?
18
What is the highest common factor of 24 and 81?
3
What is the highest common factor of 35 and 5250?
35
Calculate the highest common factor of 25 and 200.
25
Calculate the greatest common divisor of 85 and 85.
85
What is the greatest common factor of 15 and 27?
3
Calculate the highest common divisor of 48 and 1194.
6
What is the highest common factor of 5 and 135?
5
Calculate the greatest common divisor of 54 and 24.
6
What is the greatest common factor of 1287 and 4059?
99
Calculate the greatest common divisor of 490 and 20.
10
Calculate the highest common factor of 8870 and 20.
10
Calculate the greatest common divisor of 115 and 276.
23
What is the highest common divisor of 180 and 